{"id":16104,"date":"2019-01-02T19:54:16","date_gmt":"2019-01-02T19:54:16","guid":{"rendered":"https:\/\/estudiorcr.com\/website\/?page_id=16104"},"modified":"2025-11-18T10:02:55","modified_gmt":"2025-11-18T13:02:55","slug":"archivo","status":"publish","type":"page","link":"https:\/\/estudiorcr.com\/website\/archivo\/","title":{"rendered":"Archivo"},"content":{"rendered":"\t\t<div data-elementor-type=\"wp-page\" data-elementor-id=\"16104\" class=\"elementor elementor-16104\" data-elementor-post-type=\"page\">\n\t\t\t\t<div class=\"elementor-element elementor-element-ff801ea e-con-full e-flex e-con e-parent\" data-id=\"ff801ea\" data-element_type=\"container\" data-settings=\"{&quot;background_background&quot;:&quot;classic&quot;}\">\n\t\t\t\t<div class=\"elementor-element elementor-element-4971632 elementor--h-position-center elementor--v-position-middle elementor-arrows-position-inside elementor-pagination-position-inside elementor-widget elementor-widget-slides\" data-id=\"4971632\" data-element_type=\"widget\" data-settings=\"{&quot;navigation&quot;:&quot;both&quot;,&quot;autoplay&quot;:&quot;yes&quot;,&quot;pause_on_hover&quot;:&quot;yes&quot;,&quot;pause_on_interaction&quot;:&quot;yes&quot;,&quot;autoplay_speed&quot;:5000,&quot;infinite&quot;:&quot;yes&quot;,&quot;transition&quot;:&quot;slide&quot;,&quot;transition_speed&quot;:500}\" data-widget_type=\"slides.default\">\n\t\t\t\t\t\t\t\t\t\t<div class=\"elementor-slides-wrapper elementor-main-swiper swiper\" role=\"region\" aria-roledescription=\"carousel\" aria-label=\"Nosotros\" dir=\"ltr\" data-animation=\"fadeInUp\">\n\t\t\t\t<div class=\"swiper-wrapper elementor-slides\">\n\t\t\t\t\t\t\t\t\t\t<div class=\"elementor-repeater-item-060efd9 swiper-slide\" role=\"group\" aria-roledescription=\"slide\"><div class=\"swiper-slide-bg\" role=\"img\" aria-label=\"Solar access\"><\/div><div class=\"elementor-background-overlay\"><\/div><div class=\"swiper-slide-inner\" ><div class=\"swiper-slide-contents\"><div class=\"elementor-slide-heading\">Archivo<\/div><\/div><\/div><\/div>\t\t\t\t<\/div>\n\t\t\t\t\t\t\t<\/div>\n\t\t\t\t\t\t\t\t<\/div>\n\t\t\t\t<\/div>\n\t\t<div class=\"elementor-element elementor-element-6bca66c e-flex e-con-boxed e-con e-parent\" data-id=\"6bca66c\" data-element_type=\"container\">\n\t\t\t\t\t<div class=\"e-con-inner\">\n\t\t\t\t<div class=\"elementor-element elementor-element-9d551dd elementor-nav-menu__align-center elementor-nav-menu--dropdown-none elementor-widget__width-initial elementor-widget elementor-widget-nav-menu\" data-id=\"9d551dd\" data-element_type=\"widget\" data-settings=\"{&quot;submenu_icon&quot;:{&quot;value&quot;:&quot;&lt;i class=\\&quot;fas fa-chevron-down\\&quot; aria-hidden=\\&quot;true\\&quot;&gt;&lt;\\\/i&gt;&quot;,&quot;library&quot;:&quot;fa-solid&quot;},&quot;layout&quot;:&quot;horizontal&quot;}\" data-widget_type=\"nav-menu.default\">\n\t\t\t\t\t\t\t\t<nav aria-label=\"Men\u00fa\" class=\"elementor-nav-menu--main elementor-nav-menu__container elementor-nav-menu--layout-horizontal e--pointer-text e--animation-none\">\n\t\t\t\t<ul id=\"menu-1-9d551dd\" class=\"elementor-nav-menu\"><li class=\"menu-item menu-item-type-custom menu-item-object-custom menu-item-has-children menu-item-17356\"><a href=\"#\" class=\"elementor-item elementor-item-anchor\">Barrio<\/a>\n<ul class=\"sub-menu elementor-nav-menu--dropdown\">\n\t<li class=\"menu-item menu-item-type-post_type menu-item-object-page menu-item-17398\"><a href=\"https:\/\/estudiorcr.com\/website\/proyectos\/barrio-balvanera\/\" class=\"elementor-sub-item\">Balvanera<\/a><\/li>\n\t<li class=\"menu-item menu-item-type-post_type menu-item-object-page menu-item-17397\"><a href=\"https:\/\/estudiorcr.com\/website\/proyectos\/barrio-belgrano\/\" class=\"elementor-sub-item\">Belgrano<\/a><\/li>\n\t<li class=\"menu-item menu-item-type-post_type menu-item-object-page menu-item-17396\"><a href=\"https:\/\/estudiorcr.com\/website\/proyectos\/barrio-colegiales\/\" class=\"elementor-sub-item\">Colegiales<\/a><\/li>\n\t<li class=\"menu-item menu-item-type-post_type menu-item-object-page menu-item-17395\"><a href=\"https:\/\/estudiorcr.com\/website\/proyectos\/barrio-palermo\/\" class=\"elementor-sub-item\">Palermo<\/a><\/li>\n\t<li class=\"menu-item menu-item-type-post_type menu-item-object-page menu-item-17564\"><a href=\"https:\/\/estudiorcr.com\/website\/proyectos\/barrio-almagro\/\" class=\"elementor-sub-item\">Almagro<\/a><\/li>\n<\/ul>\n<\/li>\n<li class=\"menu-item menu-item-type-custom menu-item-object-custom menu-item-has-children menu-item-17357\"><a href=\"#\" class=\"elementor-item elementor-item-anchor\">A\u00f1o<\/a>\n<ul class=\"sub-menu elementor-nav-menu--dropdown\">\n\t<li class=\"menu-item menu-item-type-post_type menu-item-object-page menu-item-17569\"><a href=\"https:\/\/estudiorcr.com\/website\/proyectos\/fecha-2023\/\" class=\"elementor-sub-item\">2023<\/a><\/li>\n\t<li class=\"menu-item menu-item-type-post_type menu-item-object-page menu-item-17568\"><a href=\"https:\/\/estudiorcr.com\/website\/proyectos\/fecha-2024\/\" class=\"elementor-sub-item\">2024<\/a><\/li>\n\t<li class=\"menu-item menu-item-type-post_type menu-item-object-page menu-item-17567\"><a href=\"https:\/\/estudiorcr.com\/website\/proyectos\/fecha-2025\/\" class=\"elementor-sub-item\">2025<\/a><\/li>\n\t<li class=\"menu-item menu-item-type-post_type menu-item-object-page menu-item-17566\"><a href=\"https:\/\/estudiorcr.com\/website\/proyectos\/fecha-2026\/\" class=\"elementor-sub-item\">2026<\/a><\/li>\n\t<li class=\"menu-item menu-item-type-post_type menu-item-object-page menu-item-17565\"><a href=\"https:\/\/estudiorcr.com\/website\/proyectos\/fecha-2027\/\" class=\"elementor-sub-item\">2027<\/a><\/li>\n\t<li class=\"menu-item menu-item-type-post_type menu-item-object-page menu-item-17981\"><a href=\"https:\/\/estudiorcr.com\/website\/proyectos\/fecha-2028\/\" class=\"elementor-sub-item\">2028<\/a><\/li>\n<\/ul>\n<\/li>\n<li class=\"menu-item menu-item-type-custom menu-item-object-custom menu-item-has-children menu-item-17358\"><a href=\"#\" class=\"elementor-item elementor-item-anchor\">Estado<\/a>\n<ul class=\"sub-menu elementor-nav-menu--dropdown\">\n\t<li class=\"menu-item menu-item-type-post_type menu-item-object-page menu-item-18059\"><a href=\"https:\/\/estudiorcr.com\/website\/en-ejecucion\/\" class=\"elementor-sub-item\">En ejecuci\u00f3n<\/a><\/li>\n\t<li class=\"menu-item menu-item-type-post_type menu-item-object-page menu-item-17176\"><a href=\"https:\/\/estudiorcr.com\/website\/archivo\/\" class=\"elementor-sub-item\">Ejecutados<\/a><\/li>\n<\/ul>\n<\/li>\n<\/ul>\t\t\t<\/nav>\n\t\t\t\t\t\t<nav class=\"elementor-nav-menu--dropdown elementor-nav-menu__container\" aria-hidden=\"true\">\n\t\t\t\t<ul id=\"menu-2-9d551dd\" class=\"elementor-nav-menu\"><li class=\"menu-item menu-item-type-custom menu-item-object-custom menu-item-has-children menu-item-17356\"><a href=\"#\" class=\"elementor-item elementor-item-anchor\" tabindex=\"-1\">Barrio<\/a>\n<ul class=\"sub-menu elementor-nav-menu--dropdown\">\n\t<li class=\"menu-item menu-item-type-post_type menu-item-object-page menu-item-17398\"><a href=\"https:\/\/estudiorcr.com\/website\/proyectos\/barrio-balvanera\/\" class=\"elementor-sub-item\" tabindex=\"-1\">Balvanera<\/a><\/li>\n\t<li class=\"menu-item menu-item-type-post_type menu-item-object-page menu-item-17397\"><a href=\"https:\/\/estudiorcr.com\/website\/proyectos\/barrio-belgrano\/\" class=\"elementor-sub-item\" tabindex=\"-1\">Belgrano<\/a><\/li>\n\t<li class=\"menu-item menu-item-type-post_type menu-item-object-page menu-item-17396\"><a href=\"https:\/\/estudiorcr.com\/website\/proyectos\/barrio-colegiales\/\" class=\"elementor-sub-item\" tabindex=\"-1\">Colegiales<\/a><\/li>\n\t<li class=\"menu-item menu-item-type-post_type menu-item-object-page menu-item-17395\"><a href=\"https:\/\/estudiorcr.com\/website\/proyectos\/barrio-palermo\/\" class=\"elementor-sub-item\" tabindex=\"-1\">Palermo<\/a><\/li>\n\t<li class=\"menu-item menu-item-type-post_type menu-item-object-page menu-item-17564\"><a href=\"https:\/\/estudiorcr.com\/website\/proyectos\/barrio-almagro\/\" class=\"elementor-sub-item\" tabindex=\"-1\">Almagro<\/a><\/li>\n<\/ul>\n<\/li>\n<li class=\"menu-item menu-item-type-custom menu-item-object-custom menu-item-has-children menu-item-17357\"><a href=\"#\" class=\"elementor-item elementor-item-anchor\" tabindex=\"-1\">A\u00f1o<\/a>\n<ul class=\"sub-menu elementor-nav-menu--dropdown\">\n\t<li class=\"menu-item menu-item-type-post_type menu-item-object-page menu-item-17569\"><a href=\"https:\/\/estudiorcr.com\/website\/proyectos\/fecha-2023\/\" class=\"elementor-sub-item\" tabindex=\"-1\">2023<\/a><\/li>\n\t<li class=\"menu-item menu-item-type-post_type menu-item-object-page menu-item-17568\"><a href=\"https:\/\/estudiorcr.com\/website\/proyectos\/fecha-2024\/\" class=\"elementor-sub-item\" tabindex=\"-1\">2024<\/a><\/li>\n\t<li class=\"menu-item menu-item-type-post_type menu-item-object-page menu-item-17567\"><a href=\"https:\/\/estudiorcr.com\/website\/proyectos\/fecha-2025\/\" class=\"elementor-sub-item\" tabindex=\"-1\">2025<\/a><\/li>\n\t<li class=\"menu-item menu-item-type-post_type menu-item-object-page menu-item-17566\"><a href=\"https:\/\/estudiorcr.com\/website\/proyectos\/fecha-2026\/\" class=\"elementor-sub-item\" tabindex=\"-1\">2026<\/a><\/li>\n\t<li class=\"menu-item menu-item-type-post_type menu-item-object-page menu-item-17565\"><a href=\"https:\/\/estudiorcr.com\/website\/proyectos\/fecha-2027\/\" class=\"elementor-sub-item\" tabindex=\"-1\">2027<\/a><\/li>\n\t<li class=\"menu-item menu-item-type-post_type menu-item-object-page menu-item-17981\"><a href=\"https:\/\/estudiorcr.com\/website\/proyectos\/fecha-2028\/\" class=\"elementor-sub-item\" tabindex=\"-1\">2028<\/a><\/li>\n<\/ul>\n<\/li>\n<li class=\"menu-item menu-item-type-custom menu-item-object-custom menu-item-has-children menu-item-17358\"><a href=\"#\" class=\"elementor-item elementor-item-anchor\" tabindex=\"-1\">Estado<\/a>\n<ul class=\"sub-menu elementor-nav-menu--dropdown\">\n\t<li class=\"menu-item menu-item-type-post_type menu-item-object-page menu-item-18059\"><a href=\"https:\/\/estudiorcr.com\/website\/en-ejecucion\/\" class=\"elementor-sub-item\" tabindex=\"-1\">En ejecuci\u00f3n<\/a><\/li>\n\t<li class=\"menu-item menu-item-type-post_type menu-item-object-page menu-item-17176\"><a href=\"https:\/\/estudiorcr.com\/website\/archivo\/\" class=\"elementor-sub-item\" tabindex=\"-1\">Ejecutados<\/a><\/li>\n<\/ul>\n<\/li>\n<\/ul>\t\t\t<\/nav>\n\t\t\t\t\t\t<\/div>\n\t\t\t\t\t<\/div>\n\t\t\t\t<\/div>\n\t\t<div class=\"elementor-element elementor-element-4d8f54d e-flex e-con-boxed e-con e-parent\" data-id=\"4d8f54d\" data-element_type=\"container\">\n\t\t\t\t\t<div class=\"e-con-inner\">\n\t\t\t\t<div class=\"elementor-element elementor-element-7c4521e elementor-widget elementor-widget-html\" data-id=\"7c4521e\" data-element_type=\"widget\" data-widget_type=\"html.default\">\n\t\t\t\t\t\r\n    <div class=\"table-responsive\">\r\n      <table>\r\n        <thead>\r\n          <tr>\r\n            <th>Obra<\/th>\r\n            <th>Descripci\u00f3n<\/th>\r\n            <th>Superficie<\/th>\r\n          <\/tr>\r\n        <\/thead>\r\n        <tbody>\r\n            <tr><td>Espacio Bustamante<\/td><td>Vivienda multifamiliar y oficinas<\/td><td>2778 m\u00b2<\/td><\/tr>\r\n            <tr><td>Espacio Vidt<\/td><td>Vivienda multifamiliar<\/td><td>1950 m\u00b2<\/td><\/tr>\r\n            <tr><td>Solar Demar\u00eda<\/td><td>Vivienda multifamiliar y local comercial<\/td><td>4608 m\u00b2<\/td><\/tr>\r\n            <tr><td>Solar Soho<\/td><td>Vivienda multifamiliar y local comercial<\/td><td>6660 m\u00b2<\/td><\/tr>\r\n            <tr><td>Solar Queens<\/td><td>Vivienda multifamiliar y local comercial<\/td><td>2737 m\u00b2<\/td><\/tr>\r\n          <tr><td>Valle 21\/23<\/td><td>Local de negocio y dep\u00f3sito<\/td><td>1050 m\u00b2<\/td><\/tr>\r\n          <tr><td>Uriburu 530<\/td><td>Vivienda multifamiliar y locales comerciales<\/td><td>2900 m\u00b2<\/td><\/tr>\r\n          <tr><td>S Bustamante 2066<\/td><td>Vivienda multifamiliar<\/td><td>760 m\u00b2<\/td><\/tr>\r\n          <tr><td>Libertad 1617<\/td><td>Apart Hotel<\/td><td>1850 m\u00b2<\/td><\/tr>\r\n          <tr><td>Cabello 3386\/90<\/td><td>Vivienda multifamiliar<\/td><td>950 m\u00b2<\/td><\/tr>\r\n          <tr><td>FJSM ORO 2561\/63<\/td><td>Vivienda multifamiliar<\/td><td>1720 m\u00b2<\/td><\/tr>\r\n          <tr><td>Independencia 3545<\/td><td>Vivienda multifamiliar - Contratista principal<\/td><td>9500 m\u00b2<\/td><\/tr>\r\n          <tr><td>Rep. Arabe Siria 3276<\/td><td>Vivienda multifamiliar<\/td><td>2560 m\u00b2<\/td><\/tr>\r\n          <tr><td>Uriburu 366<\/td><td>Dep\u00f3sito mayorista, showroom y oficinas<\/td><td>2850 m\u00b2<\/td><\/tr>\r\n          <tr><td>Paraguay 4401<\/td><td>Vivienda multifamiliar<\/td><td>1830 m\u00b2<\/td><\/tr>\r\n          <tr><td>A.M.I.A.<\/td><td>Sede social - Contratista principal<\/td><td>5500 m\u00b2<\/td><\/tr>\r\n          <tr><td>Billinghurst 1148<\/td><td>Vivienda multifamiliar<\/td><td>1700 m\u00b2<\/td><\/tr>\r\n          <tr><td>Luis M Campos 343<\/td><td>Edificio para sal\u00f3n de fiestas - Contratista principal<\/td><td>1000 m\u00b2<\/td><\/tr>\r\n          <tr><td>Cabrera 3441<\/td><td>Vivienda multifamiliar - Contratista principal<\/td><td>1900 m\u00b2<\/td><\/tr>\r\n          <tr><td>Viamonte 1375<\/td><td>Apart Hotel<\/td><td>1970 m\u00b2<\/td><\/tr>\r\n          <tr><td>Rio de Janeiro 1036<\/td><td>Vivienda multifamiliar<\/td><td>5500 m\u00b2<\/td><\/tr>\r\n          <tr><td>Solar Arenales<\/td><td>Vivienda multifamiliar<\/td><td>2110 m\u00b2<\/td><\/tr>\r\n          <tr><td>Mansilla 2794<\/td><td>Vivienda multifamiliar y locales comerciales<\/td><td>2104 m\u00b2<\/td><\/tr>\r\n          <tr><td>Mario Bravo 1282<\/td><td>Vivienda multifamiliar y locales comerciales<\/td><td>2900 m\u00b2<\/td><\/tr>\r\n          <tr><td>Palpa 2376<\/td><td>Vivienda multifamiliar<\/td><td>2050 m\u00b2<\/td><\/tr>\r\n          <tr><td>Solar Cabello<\/td><td>Vivienda multifamiliar<\/td><td>2199 m\u00b2<\/td><\/tr>\r\n          <tr><td>Solar Bulnes<\/td><td>Vivienda multifamiliar<\/td><td>4790 m\u00b2<\/td><\/tr>\r\n          <tr><td>Roosevelt 2735<\/td><td>Vivienda multifamiliar<\/td><td>1900 m\u00b2<\/td><\/tr>\r\n          <tr><td>Junin 545<\/td><td>Vivienda multifamiliar<\/td><td>1890 m\u00b2<\/td><\/tr>\r\n          <tr><td>Galvan 3052<\/td><td>Vivienda multifamiliar y locales comerciales<\/td><td>1249 m\u00b2<\/td><\/tr>\r\n          <tr><td>Solar Juncal<\/td><td>Vivienda multifamiliar<\/td><td>1713 m\u00b2<\/td><\/tr>\r\n          <tr><td>Solar Boulevard<\/td><td>Vivienda multifamiliar y locales comerciales<\/td><td>3350 m\u00b2<\/td><\/tr>\r\n          <tr><td>Solar Austria<\/td><td>Vivienda multifamiliar y locales comerciales<\/td><td>2093 m\u00b2<\/td><\/tr>\r\n          <tr><td>Solar Abasto<\/td><td>Vivienda multifamiliar<\/td><td>11847 m\u00b2<\/td><\/tr>\r\n          <tr><td>Solar Mansilla<\/td><td>Vivienda multifamiliar y local comercial<\/td><td>1052 m\u00b2<\/td><\/tr>\r\n          <tr><td>Solar Santa Fe<\/td><td>Vivienda multifamiliar<\/td><td>3027 m\u00b2<\/td><\/tr>\r\n          <tr><td>Solar Pueyrredon<\/td><td>Vivienda multifamiliar y locales comerciales<\/td><td>1895 m\u00b2<\/td><\/tr>\r\n          <tr><td>Solar Austria ll<\/td><td>Vivienda multifamiliar y locales comerciales<\/td><td>3308 m\u00b2<\/td><\/tr>\r\n          <tr><td>Solar Aguilar<\/td><td>Vivienda multifamiliar<\/td><td>3480 m\u00b2<\/td><\/tr>\r\n          <tr><td>Solar Cabrera<\/td><td>Vivienda multifamiliar<\/td><td>3558 m\u00b2<\/td><\/tr>\r\n          <tr><td>Solar French<\/td><td>Vivienda multifamiliar<\/td><td>3659 m\u00b2<\/td><\/tr>\r\n          <tr><td>Solar Urquiza<\/td><td>Vivienda multifamiliar y locales comerciales<\/td><td>13025 m\u00b2<\/td><\/tr>\r\n          <tr><td>Mendoza 5110<\/td><td>Vivienda multifamiliar y local comercial<\/td><td>1610 m\u00b2<\/td><\/tr>\r\n          <tr><td>Solar Botanico<\/td><td>Vivienda multifamiliar y local comercial<\/td><td>2167 m\u00b2<\/td><\/tr>\r\n          <tr><td>Solar Plaza<\/td><td>Vivienda multifamiliar y local comercial<\/td><td>3341 m\u00b2<\/td><\/tr>\r\n          <tr><td>Solar Imprenta<\/td><td>Vivienda multifamiliar y local comercial<\/td><td>2910 m\u00b2<\/td><\/tr>\r\n          <tr><td>Solar Juncal ll<\/td><td>Vivienda multifamiliar y local comercial<\/td><td>1570 m\u00b2<\/td><\/tr>\r\n          <tr><td>Solar Queens<\/td><td>Vivienda multifamiliar y local comercial<\/td><td>2735 m\u00b2<\/td><\/tr>\r\n          <tr><td>Solar Arcos<\/td><td>Vivienda multifamiliar y local comercial<\/td><td>2255 m\u00b2<\/td><\/tr>\r\n          <tr>\r\n            <td><strong>Metros Totales Construidos<\/strong><\/td>\r\n            <td><\/td>\r\n            <td><strong>152 060 m\u00b2<\/strong><\/td>\r\n          <\/tr>\r\n        <\/tbody>\r\n      <\/table>\r\n    <\/div>\t\t\t\t<\/div>\n\t\t\t\t\t<\/div>\n\t\t\t\t<\/div>\n\t\t\t\t<\/div>\n\t\t","protected":false},"excerpt":{"rendered":"<p>Archivo Obra Descripci\u00f3n Superficie Espacio Bustamante Vivienda multifamiliar y oficinas 2778 m\u00b2 Espacio Vidt Vivienda multifamiliar 1950 m\u00b2 Solar Demar\u00eda Vivienda multifamiliar y local comercial 4608 m\u00b2 Solar Soho Vivienda multifamiliar y local comercial 6660 m\u00b2 Solar Queens Vivienda multifamiliar y local comercial 2737 m\u00b2 Valle 21\/23 Local de negocio y dep\u00f3sito 1050 m\u00b2 Uriburu [&hellip;]<\/p>\n","protected":false},"author":2,"featured_media":0,"parent":0,"menu_order":0,"comment_status":"open","ping_status":"closed","template":"elementor_header_footer","meta":{"_joinchat":[],"footnotes":""},"class_list":["post-16104","page","type-page","status-publish","hentry"],"yoast_head":"<!-- This site is optimized with the Yoast SEO plugin v26.5 - https:\/\/yoast.com\/wordpress\/plugins\/seo\/ -->\n<title>Archivo - Estudio RCR<\/title>\n<meta name=\"description\" content=\"Explor\u00e1 el archivo de proyectos de Estudio RCR: galer\u00eda de desarrollos inmobiliarios con m\u00e1s de 20 a\u00f1os de trayectoria.\" \/>\n<meta name=\"robots\" content=\"index, follow, max-snippet:-1, max-image-preview:large, max-video-preview:-1\" \/>\n<link rel=\"canonical\" href=\"https:\/\/estudiorcr.com\/website\/archivo\/\" \/>\n<meta property=\"og:locale\" content=\"es_ES\" \/>\n<meta property=\"og:type\" content=\"article\" \/>\n<meta property=\"og:title\" content=\"Archivo - Estudio RCR\" \/>\n<meta property=\"og:description\" content=\"Explor\u00e1 el archivo de proyectos de Estudio RCR: galer\u00eda de desarrollos inmobiliarios con m\u00e1s de 20 a\u00f1os de trayectoria.\" \/>\n<meta property=\"og:url\" content=\"https:\/\/estudiorcr.com\/website\/archivo\/\" \/>\n<meta property=\"og:site_name\" content=\"Estudio RCR\" \/>\n<meta property=\"article:modified_time\" content=\"2025-11-18T13:02:55+00:00\" \/>\n<meta name=\"twitter:card\" content=\"summary_large_image\" \/>\n<meta name=\"twitter:label1\" content=\"Tiempo de lectura\" \/>\n\t<meta name=\"twitter:data1\" content=\"3 minutos\" \/>\n<script type=\"application\/ld+json\" class=\"yoast-schema-graph\">{\"@context\":\"https:\/\/schema.org\",\"@graph\":[{\"@type\":\"WebPage\",\"@id\":\"https:\/\/estudiorcr.com\/website\/archivo\/\",\"url\":\"https:\/\/estudiorcr.com\/website\/archivo\/\",\"name\":\"Archivo - Estudio RCR\",\"isPartOf\":{\"@id\":\"https:\/\/estudiorcr.com\/website\/#website\"},\"datePublished\":\"2019-01-02T19:54:16+00:00\",\"dateModified\":\"2025-11-18T13:02:55+00:00\",\"description\":\"Explor\u00e1 el archivo de proyectos de Estudio RCR: galer\u00eda de desarrollos inmobiliarios con m\u00e1s de 20 a\u00f1os de trayectoria.\",\"breadcrumb\":{\"@id\":\"https:\/\/estudiorcr.com\/website\/archivo\/#breadcrumb\"},\"inLanguage\":\"es\",\"potentialAction\":[{\"@type\":\"ReadAction\",\"target\":[\"https:\/\/estudiorcr.com\/website\/archivo\/\"]}]},{\"@type\":\"BreadcrumbList\",\"@id\":\"https:\/\/estudiorcr.com\/website\/archivo\/#breadcrumb\",\"itemListElement\":[{\"@type\":\"ListItem\",\"position\":1,\"name\":\"Portada\",\"item\":\"https:\/\/estudiorcr.com\/website\/\"},{\"@type\":\"ListItem\",\"position\":2,\"name\":\"Archivo\"}]},{\"@type\":\"WebSite\",\"@id\":\"https:\/\/estudiorcr.com\/website\/#website\",\"url\":\"https:\/\/estudiorcr.com\/website\/\",\"name\":\"Estudio RCR\",\"description\":\"RCR es un estudio profesional dedicado al desarrollo de emprendimientos inmobiliarios con m\u00e1s de 15 a\u00f1os de trayectoria y 120.000 m2 construidos.\",\"publisher\":{\"@id\":\"https:\/\/estudiorcr.com\/website\/#organization\"},\"potentialAction\":[{\"@type\":\"SearchAction\",\"target\":{\"@type\":\"EntryPoint\",\"urlTemplate\":\"https:\/\/estudiorcr.com\/website\/?s={search_term_string}\"},\"query-input\":{\"@type\":\"PropertyValueSpecification\",\"valueRequired\":true,\"valueName\":\"search_term_string\"}}],\"inLanguage\":\"es\"},{\"@type\":\"Organization\",\"@id\":\"https:\/\/estudiorcr.com\/website\/#organization\",\"name\":\"Estudio RCR\",\"url\":\"https:\/\/estudiorcr.com\/website\/\",\"logo\":{\"@type\":\"ImageObject\",\"inLanguage\":\"es\",\"@id\":\"https:\/\/estudiorcr.com\/website\/#\/schema\/logo\/image\/\",\"url\":\"https:\/\/estudiorcr.com\/website\/wp-content\/uploads\/2025\/05\/logo_negro.svg\",\"contentUrl\":\"https:\/\/estudiorcr.com\/website\/wp-content\/uploads\/2025\/05\/logo_negro.svg\",\"width\":111,\"height\":111,\"caption\":\"Estudio RCR\"},\"image\":{\"@id\":\"https:\/\/estudiorcr.com\/website\/#\/schema\/logo\/image\/\"}}]}<\/script>\n<!-- \/ Yoast SEO plugin. -->","yoast_head_json":{"title":"Archivo - Estudio RCR","description":"Explor\u00e1 el archivo de proyectos de Estudio RCR: galer\u00eda de desarrollos inmobiliarios con m\u00e1s de 20 a\u00f1os de trayectoria.","robots":{"index":"index","follow":"follow","max-snippet":"max-snippet:-1","max-image-preview":"max-image-preview:large","max-video-preview":"max-video-preview:-1"},"canonical":"https:\/\/estudiorcr.com\/website\/archivo\/","og_locale":"es_ES","og_type":"article","og_title":"Archivo - Estudio RCR","og_description":"Explor\u00e1 el archivo de proyectos de Estudio RCR: galer\u00eda de desarrollos inmobiliarios con m\u00e1s de 20 a\u00f1os de trayectoria.","og_url":"https:\/\/estudiorcr.com\/website\/archivo\/","og_site_name":"Estudio RCR","article_modified_time":"2025-11-18T13:02:55+00:00","twitter_card":"summary_large_image","twitter_misc":{"Tiempo de lectura":"3 minutos"},"schema":{"@context":"https:\/\/schema.org","@graph":[{"@type":"WebPage","@id":"https:\/\/estudiorcr.com\/website\/archivo\/","url":"https:\/\/estudiorcr.com\/website\/archivo\/","name":"Archivo - Estudio RCR","isPartOf":{"@id":"https:\/\/estudiorcr.com\/website\/#website"},"datePublished":"2019-01-02T19:54:16+00:00","dateModified":"2025-11-18T13:02:55+00:00","description":"Explor\u00e1 el archivo de proyectos de Estudio RCR: galer\u00eda de desarrollos inmobiliarios con m\u00e1s de 20 a\u00f1os de trayectoria.","breadcrumb":{"@id":"https:\/\/estudiorcr.com\/website\/archivo\/#breadcrumb"},"inLanguage":"es","potentialAction":[{"@type":"ReadAction","target":["https:\/\/estudiorcr.com\/website\/archivo\/"]}]},{"@type":"BreadcrumbList","@id":"https:\/\/estudiorcr.com\/website\/archivo\/#breadcrumb","itemListElement":[{"@type":"ListItem","position":1,"name":"Portada","item":"https:\/\/estudiorcr.com\/website\/"},{"@type":"ListItem","position":2,"name":"Archivo"}]},{"@type":"WebSite","@id":"https:\/\/estudiorcr.com\/website\/#website","url":"https:\/\/estudiorcr.com\/website\/","name":"Estudio RCR","description":"RCR es un estudio profesional dedicado al desarrollo de emprendimientos inmobiliarios con m\u00e1s de 15 a\u00f1os de trayectoria y 120.000 m2 construidos.","publisher":{"@id":"https:\/\/estudiorcr.com\/website\/#organization"},"potentialAction":[{"@type":"SearchAction","target":{"@type":"EntryPoint","urlTemplate":"https:\/\/estudiorcr.com\/website\/?s={search_term_string}"},"query-input":{"@type":"PropertyValueSpecification","valueRequired":true,"valueName":"search_term_string"}}],"inLanguage":"es"},{"@type":"Organization","@id":"https:\/\/estudiorcr.com\/website\/#organization","name":"Estudio RCR","url":"https:\/\/estudiorcr.com\/website\/","logo":{"@type":"ImageObject","inLanguage":"es","@id":"https:\/\/estudiorcr.com\/website\/#\/schema\/logo\/image\/","url":"https:\/\/estudiorcr.com\/website\/wp-content\/uploads\/2025\/05\/logo_negro.svg","contentUrl":"https:\/\/estudiorcr.com\/website\/wp-content\/uploads\/2025\/05\/logo_negro.svg","width":111,"height":111,"caption":"Estudio RCR"},"image":{"@id":"https:\/\/estudiorcr.com\/website\/#\/schema\/logo\/image\/"}}]}},"_links":{"self":[{"href":"https:\/\/estudiorcr.com\/website\/wp-json\/wp\/v2\/pages\/16104","targetHints":{"allow":["GET"]}}],"collection":[{"href":"https:\/\/estudiorcr.com\/website\/wp-json\/wp\/v2\/pages"}],"about":[{"href":"https:\/\/estudiorcr.com\/website\/wp-json\/wp\/v2\/types\/page"}],"author":[{"embeddable":true,"href":"https:\/\/estudiorcr.com\/website\/wp-json\/wp\/v2\/users\/2"}],"replies":[{"embeddable":true,"href":"https:\/\/estudiorcr.com\/website\/wp-json\/wp\/v2\/comments?post=16104"}],"version-history":[{"count":58,"href":"https:\/\/estudiorcr.com\/website\/wp-json\/wp\/v2\/pages\/16104\/revisions"}],"predecessor-version":[{"id":18053,"href":"https:\/\/estudiorcr.com\/website\/wp-json\/wp\/v2\/pages\/16104\/revisions\/18053"}],"wp:attachment":[{"href":"https:\/\/estudiorcr.com\/website\/wp-json\/wp\/v2\/media?parent=16104"}],"curies":[{"name":"wp","href":"https:\/\/api.w.org\/{rel}","templated":true}]}}